 18839.
18839
List the prime factors of 24471.
3, 2719
What are the prime factors of 87113?
13, 6701
What are the prime factors of 878?
2, 439
What are the prime factors of 80892?
2, 3, 7, 107
What are the prime factors of 3400?
2, 5, 17
List the prime factors of 543.
3, 181
What are the prime factors of 5144?
2, 643
List the prime factors of 2809.
53
What are the prime factors of 3033?
3, 337
What are the prime factors of 8277?
3, 31, 89
What are the prime factors of 9964?
2, 47, 53
What are the prime factors of 12320?
2, 5, 7, 11
What are the prime factors of 1784?
2, 223
What are the prime factors of 1150?
2, 5, 23
What are the prime factors of 1051?
1051
What are the prime factors of 1379?
7, 197
What are the prime factors of 1088?
2, 17
What are the prime factors of 4205?
5, 29
What are the prime factors of 10291?
41, 251
What are the prime factors of 436?
2, 109
What are the prime factors of 34283?
34283
List the prime factors of 1445.
5, 17
What are the prime factors of 6962?
2, 59
List the prime factors of 1132.
2, 283
What are the prime factors of 702?
2, 3, 13
What are the prime factors of 122?
2, 61
What are the prime factors of 145787?
19, 7673
List the prime factors of 22339.
89, 251
List the prime factors of 29784.
2, 3, 17, 73
What are the prime factors of 1440?
2, 3, 5
List the prime factors of 6454.
2, 7, 461
List the prime factors of 19257.
3, 7, 131
What are the prime factors of 4737?
3, 1579
List the prime factors of 24991.
67, 373
What are the prime factors of 4693?
13, 19
List the prime factors of 24222.
2, 3, 11, 367
What are the prime factors of 64932?
2, 3, 7, 773
What are the prime factors of 504?
2, 3, 7
List the prime factors of 9544.
2, 1193
List the prime factors of 51120.
2, 3, 5, 71
List the prime factors of 1091.
1091
List the prime factors of 17574.
2, 3, 29, 101
What are the prime factors of 5522?
2, 11, 251
What are the prime factors of 25597?
11, 13, 179
List the prime factors of 3485.
5, 17, 41
What are the prime factors of 6796?
2, 1699
List the prime factors of 290.
2, 5, 29
What are the prime factors of 2372?
2, 593
What are the prime factors of 308?
2, 7, 11
What are the prime factors of 10587?
3, 3529
What are the prime factors of 109?
109
List the prime factors of 319.
11, 29
List the prime factors of 6263.
6263
List the prime factors of 3562.
2, 13, 137
List the prime factors of 7939.
17, 467
What are the prime factors of 61761?
3, 7, 17, 173
What are the prime factors of 807?
3, 269
What are the prime factors of 3636?
2, 3, 101
What are the prime factors of 5580?
2, 3, 5, 31
What are the prime factors of 22600?
2, 5, 113
List the prime factors of 1822.
2, 911
List the prime factors of 9371.
9371
List the prime factors of 4165.
5, 7, 17
List the prime factors of 1214.
2, 607
What are the prime factors of 2029?
2029
List the prime factors of 1858.
2, 929
What are the prime factors of 1504?
2, 47
What are the prime factors of 11766?
2, 3, 37, 53
What are the prime factors of 80002?
2, 13, 17, 181
What are the prime factors of 57307?
17, 3371
What are the prime factors of 4066?
2, 19, 107
What are the prime factors of 62680?
2, 5, 1567
List the prime factors of 3560.
2, 5, 89
List the prime factors of 174.
2, 3, 29
What are the prime factors of 1804?
2, 11, 41
List the prime factors of 100708.
2, 17, 1481
List the prime factors of 407.
11, 37
List the prime factors of 1721.
1721
List the prime factors of 5550.
2, 3, 5, 37
What are the prime factors of 174117?
3, 127, 457
What are the prime factors of 1764?
2, 3, 7
What are the prime factors of 1032?
2, 3, 43
What are the prime factors of 5263?
19, 277
List the prime factors of 87423.
3, 7, 23, 181
List the prime factors of 1682.
2, 29
What are the prime factors of 8465?
5, 1693
List the prime factors of 1312.
2, 41
List the prime factors of 1057.
7, 151
What are the prime factors of 13006?
2, 7, 929
What are the prime factors of 118440?
2, 3, 5, 7, 47
What are the prime factors of 49150?
2, 5, 983
List the prime factors of 14524.
2, 3631
What are the prime factors of 128155?
5, 19, 71
List the prime factors of 49466.
2, 24733
List the prime factors of 1120.
2, 5, 7
List the prime factors of 1297.
1297
List the prime factors of 198.
2, 3, 11
List the prime factors of 774.
2, 3, 43
List the prime factors of 205.
5, 41
What are the prime factors of 10131?
3, 11, 307
What are the prime factors of 1595?
5, 11, 29
List the prime factors of 138.
2, 3, 23
What are the prime factors of 2285?
5, 457
List the prime factors of 1733.
1733
List the prime factors of 3524.
2, 881
What are the prime factors of 13203?
3, 163
List the prime factors of 20252.
2, 61, 83
What are the prime factors of 99272?
2, 12409
What are the prime factors of 80226?
2, 3, 4457
List the prime factors of 2066.
2, 1033
What are the prime factors of 199?
199
What are the prime factors of 343?
7
List the prime factors of 18611.
37, 503
List the prime factors of 41307.
3, 7, 281
What are the prime factors of 8750?
2, 5, 7
List the prime factors of 1950.
2, 3, 5, 13
List the prime factors of 117.
3, 13
What are the prime factors of 524?
2, 131
List the prime factors of 100413.
3, 3719
List the prime factors of 1777.
1777
List the prime factors of 2701.
37, 73
What are the prime factors of 1780?
2, 5, 89
List the prime factors of 16021.
37, 433
What are the prime factors of 99092?
2, 7, 3539
What are the prime factors of 1035?
3, 5, 23
List the prime factors of 4312.
2, 7, 11
What are the prime factors of 2464?
2, 7, 11
List the prime factors of 3054.
2, 3, 509
List the prime factors of 675.
3, 5
List the prime factors of 2356.
2, 19, 31
What are the prime factors of 780?
2, 3, 5, 13
List the prime factors of 12418.
2, 7, 887
List the prime factors of 27431.
27431
List the prime factors of 1459.
1459
What are the prime factors of 2640?
2, 3, 5, 11
What are the prime factors of 4093?
4093
List the prime factors of 777.
3, 7, 37
What are the prime factors of 1403?
23, 61
List the prime factors of 1742.
2, 13, 67
List the prime factors of 18790.
2, 5, 1879
List the prime factors of 9539.
9539
List the prime factors of 50417.
50417
List the prime factors of 75296.
2, 13, 181
List the prime factors of 133.
7, 19
What are the prime factors of 75726?
2, 3, 7, 601
What are the prime factors of 15517?
59, 263
List the prime factors of 2663.
2663
What are the prime factors of 2484?
2, 3, 23
List the prime factors of 13926.
2, 3, 11, 211
List the prime factors of 1207.
17, 71
What are the prime factors of 5143?
37, 139
What are the prime factors of 60667?
19, 31, 103
List the prime factors of 10904.
2, 29, 47
What are the prime factors of 12422?
2, 6211
What are the prime factors of 2525?
5, 101
List the prime factors of 67.
67
List the prime factors of 780.
2, 3, 5, 13
List the prime factors of 1581.
3, 17, 31
What are the prime factors of 2453?
11, 223
What are the prime factors of 2911?
41, 71
What are the prime factors of 23321?
23321
What are the prime factors of 4202?
2, 11, 191
What are the prime factors of 6556?
2, 11, 149
What are the prime factors of 40852?
2, 7, 1459
What are the prime factors of 689?
13, 53
What are the prime factors of 2146?
2, 29, 37
List the prime factors of 747.
3, 83
List the prime factors of 10889.
10889
What are the prime factors of 20622?
2, 3, 7, 491
What are the prime factors of 11426?
2, 29, 197
What are the prime factors of 1095?
3, 5, 73
What are the prime factors of 59536?
2, 61
What are the prime factors of 2953?
2953
What are the prime factors of 2500?
2, 5
What are the prime factors of 130?
2, 5, 13
What are the prime factors of 4153?
4153
What are the prime factors of 57958?
2, 28979
What are the prime factors of 24564?
2, 3, 23, 89
What are the prime factors of 8797?
19, 463
List the prime factors of 12835.
5, 17, 151
List the prime factors of 838.
2, 419
List the prime factors of 120797.
113, 1069
What are the prime factors of 11235?
3, 5, 7, 107
List the prime factors of 1149.
3, 383
What are the prime factors of 274?
2, 137
What are the prime factors of 47749?
13, 3673
What are the prime factors of 50367?
3, 103, 163
List the prime factors of 70100.
2, 5, 701
List the prime factors of 24191.
17, 1423
What are the prime factors of 3196?
2, 17, 47
What 